t m be 2/6 + w/3. Let i = 22 + m. What are the prime factors of i?
2, 3
Suppose 650 = 4*g + 6*g. What are the prime factors of g?
5, 13
Let l(i) = -i**2 - 6*i + 10. Let q be l(-7). Suppose t + 2*b - 14 = 0, 19 + 25 = q*t + 4*b. Suppose -3*u = 1 - t. What are the prime factors of u?
5
Suppose 5*w - 4*g + 3*g = -10, 2*w + 4 = 4*g. Let z be 22*((-21)/(-6) + w). Suppose -2*o + z = 9. List the prime factors of o.
2, 3
Let x = 32 - 20. Let u be 88/x + (-2)/(-3). List the prime factors of u + 0 + (2 - 1).
3
Suppose 3*k + k + 2*j - 228 = 0, -2*j = k - 57. What are the prime factors of k?
3, 19
Let n = 35 + 11. What are the prime factors of n?
2, 23
Let g(p) = 4*p**3 + p. Suppose 2*s = 3 - 1. Let z be g(s). Let q(n) = 3*n - 3. What are the prime factors of q(z)?
2, 3
List the prime factors of ((-6)/9)/((-2)/18).
2, 3
Let i(d) = d + 15. Suppose -2*r - 18 = -0*r. List the prime factors of i(r).
2, 3
Suppose -3*b = -z + 9, 4*b + 22 = 5*z - 12. Suppose -11 = -3*f + n, 5*n = -1 + z. Suppose -22 = -4*v - 4*s + 18, v = -f*s + 4. List the prime factors of v.
2, 3
Suppose -2*t + 3*z + 27 = 0, 0*z = -3*z + 3. What are the prime factors of t/((-36)/15 + 3)?
5
Let m = -19 + 9. Let d(k) = k**2 - 10*k + 24. Let j be d(7). Let f = j - m. List the prime factors of f.
13
Let f = 52 - 26. List the prime factors of f.
2, 13
Let h = 1 - -28. What are the prime factors of h?
29
Let z(m) = m**3 - 7*m**2 + 7*m + 7. Let i(x) = -x**2 + 9*x + 12. Let p be i(10). Let b(o) = 3*o**2 - 2*o - 2. Let t be b(p). List the prime factors of z(t).
13
Suppose 7*p - 6*p = 3. Suppose 0 = -0*g - p*g + 18. List the prime factors of g.
2, 3
Let p = 15 - 1. What are the prime factors of p?
2, 7
Let k = -1 + 4. Let l(i) = 9*i + 9 + i**3 - 8*i**2 + 0*i**k - 6. List the prime factors of l(7).
17
Let i = -9 - -9. Suppose i = -z - 0*z. Suppose 3*r - 2*k = 11, 0 = 5*r - 3*k - z*k - 20. What are the prime factors of r?
7
Suppose 0 = -12*v - 0*v + 1560. What are the prime factors of v?
2, 5, 13
Suppose -d - 24 = -5*d. Suppose -3*c - 3*t = 2*c - 138, 4*c - 104 = -4*t. Suppose d*b = b + c. What are the prime factors of b?
2, 3
Let b = 10 + -6. Let f(j) = 6 - 2 - j - 1 + b. What are the prime factors of f(0)?
7
Suppose -z + 5 = 3*b, 2*z - 7 = -8*b + 5*b. Suppose -t - 5*h + 2 = -7*h, h = -z*t + 14. List the prime factors of (4/t)/((-3)/(-27)).
2, 3
Let b = -22 - -38. What are the prime factors of b?
2
Let a(b) = 18*b - 1. Let i be a(5). Suppose -5*h = -181 - i. What are the prime factors of (-12)/h + 47/9?
5
Let u = 80 + -35. Suppose -o = -4*r + 206, -r - 5*o - u = -107. What are the prime factors of r?
2, 13
Let a be (10/3)/(2/12). Suppose 5*p + a = -45. Let u = 25 + p. List the prime factors of u.
2, 3
Let p(q) = -q**3 + q**2 + q - 14. Let m be p(0). Let o(x) = -x**2 + x + 4. Let c be o(-5). Let a = m - c. List the prime factors of a.
2, 3
Suppose -63 = -5*t - 0*t + 4*p, 0 = 5*t - 2*p - 59. What are the prime factors of t?
11
Let d(i) = 23*i**2 + 5*i + 7. What are the prime factors of d(3)?
229
Let h = -20 - -30. List the prime factors of (-28)/h*(1 + -6).
2, 7
Let f(h) = 11*h**2 + 9*h - 17. Let n(l) = -5*l**2 - 4*l + 8. Let z(m) = 4*f(m) + 9*n(m). Let v be z(3). Let y = 1 - v. What are the prime factors of y?
2, 3
Let i(x) = x**3 + 3*x - 3. What are the prime factors of i(3)?
3, 11
Let w(g) = -g + 5*g + g**3 - 2*g + g - 5 + 6*g**2. What are the prime factors of w(-5)?
5
Let r(c) = c**3 - 10*c**2 + 5*c. List the prime factors of r(10).
2, 5
Let o = -845 - -1283. List the prime factors of o/27 + (-2)/9.
2
Let s = -70 + 126. List the prime factors of s.
2, 7
Let z = -1 - -4. Suppose -5*c - 17 = -z*v, 2*v + 3*c - 3 = 21. What are the prime factors of v?
3
Suppose 4*f = 2*f + 120. What are the prime factors of f?
2, 3, 5
Suppose 3*a - 13 = 2. Suppose 13 = a*o - 4*o. What are the prime factors of o?
13
Let z = -25 + 41. List the prime factors of z.
2
Suppose -2*g = 5*r - 79, -3*g + 5 = -1. Suppose 0*b - r = -b. What are the prime factors of b?
3, 5
Let s = 137 + -81. Suppose 3*i = 2*y - 2*i - s, 4*i = -2*y + 20. What are the prime factors of y?
2, 3
Let v = -442 - -639. What are the prime factors of v?
197
Let n(c) = -c**2 - 3*c + 2. Suppose 7*s = 4*f + 2*s + 32, s = -5*f - 11. Let h be n(f). Suppose 0 = -h*m + 23 - 5. What are the prime factors of m?
3
Suppose 8 = -3*b + 119. Let u = 53 - b. Let p = u + -10. List the prime factors of p.
2, 3
Suppose 23 = o + 5*w - 0*w, 2*w = 0. List the prime factors of o.
23
Let i(f) = f**3 + 9*f**2 + 7*f - 9. What are the prime factors of i(-7)?
2, 5
Let f(z) = 9*z**2 - z. Let v be f(-1). Let n = v + 4. List the prime factors of n.
2, 7
Let m be (4/(-3))/(12/(-18)). Let p be -10*3/m*-1. Suppose p = -2*g + 5*g. What are the prime factors of g?
5
Suppose -7*q + 18 = -4*q. List the prime factors of (q - -14)/((-2)/(-3)).
2, 3, 5
Let g(q) = 40*q - 10. List the prime factors of g(4).
2, 3, 5
Suppose 0 = -3*c - 2*c + 15. Suppose -c*t + 4 = -38. What are the prime factors of t?
2, 7
Let a be 4 - 0 - (0 + 2). Suppose 0 = a*q - q - 14. List the prime factors of q.
2, 7
Let l(r) = r**2 + 4*r - 5. Let u be l(-5). Suppose 5*o = 5*x - 330, -2*o - o + 12 = u. Let t = -47 + x. List the prime factors of t.
23
Let k(n) = 4*n - 21. List the prime factors of k(12).
3
Let s be 10*(-1 + (-9)/(-6)). Let c = -5 + 18. Suppose 4*u - 52 = -s*a, a - 3 = 2*u + c. What are the prime factors of a?
2, 3
Let u(z) = 12*z**2 - 14*z - 28. List the prime factors of u(6).
2, 5
Let i = -38 + 25. Let v = 29 + i. List the prime factors of v.
2
Suppose i = -4*i. Suppose 9 = -w - 3*f, i*f = 3*f + 12. What are the prime factors of -3*(-8 + 2)/w?
2, 3
Let z = -23 + 70. Let j = z - 30. What are the prime factors of j?
17
Let c = -5 + 6. Let m be ((-2)/(-4))/(c/(-48)). What are the prime factors of (-6)/m + 67/4?
17
Let y be -1*6*(-5)/2. Suppose 0 = -0*b + b - y. List the prime factors of b.
3, 5
What are the prime factors of (-128)/(-40)*25/2?
2, 5
Let i(w) = -w**2 + 21*w + 5. Let f be i(21). Let r be (-1)/(-3) - 2/(-3). Suppose s = 2*m + f, 3*s - 3*m + r = 13. What are the prime factors of s?
3
Let w(n) = -n**2 + n + 2. Let d be w(2). List the prime factors of (-1 + d)/(4/(-200)).
2, 5
What are the prime factors of -3 + -1 + 0 - -37?
3, 11
Let z(b) = 17*b - 41. List the prime factors of z(10).
3, 43
Let h = 4 - 5. Let n be 6/3 + (0 - h). Suppose -4*r = 0, n*a - 4 - 11 = 4*r. What are the prime factors of a?
5
Let v be (3 + -3)*(1 - 0). Suppose -g - g = v. Suppose -h + 5*y - 20 = g, -4*y + 25 = y. What are the prime factors of h?
5
Suppose 0 = -4*k + 7*k + 60. Let z = k - -63. List the prime factors of z.
43
Let w be 0 - (-2*5)/1. Suppose -y - 5*o - 15 = 0, 2*y - o + 16 = 6*y. Suppose -y*u + w = -4*u. What are the prime factors of u?
2, 5
Suppose 18 = -4*m + 2. Let f = -10 - m. Let o = f + 14. List the prime factors of o.
2
Suppose 3*g - 9*g = -744. What are the prime factors of g?
2, 31
Suppose 2*t = -0*t. Suppose t*i = -3*i. Suppose i = 4*g - 88 + 28. List the prime factors of g.
3, 5
Suppose z - 644 = -z - 3*k, 0 = 2*z - 3*k - 632. What are the prime factors of z?
11, 29
Let u(i) = -i**2 - 3*i + 2. Let t be u(-4). Suppose -3*p + 2*p - 1 = 0. List the prime factors of (t - p)*2*-6.
2, 3
Let b(g) = g**2 + 8*g - 3. Let s be b(-8). Let j = s - -22. List the prime factors of j.
19
Suppose -4 - 5 = -3*f. Let v = -25 + 44. Suppose f*p - v = 5. What are the prime factors of p?
2
Let v(m) = m**2 + 2*m. Let c be v(-3). Suppose c*l = 5*l - 24. What are the prime factors of l?
2, 3
Suppose -4*c + 0*c = -2*f + 16, -4*f = 5*c - 19. Let z = 5 - 26. List the prime factors of f/1*z/(-14).
3
Let z = 268 - -25. What are the prime factors of z?
293
Suppose 3*n - 15 = -0. Let h(y) = y**2 - y + 3. Let k be h(0). Suppose -2*c = -2*a + 18, n*c - 8 = -2*a + k. What are the prime factors of a?
2
Suppose 7*p = 2*p - 50. List the prime factors of (-62)/p + (-1)/5.
2, 3
Suppose -u - 422 = -5*p - 2*u, u = -3*p + 254. Let b = p + -41. What are the prime factors of b?
43
What are the prime factors of ((-18)/(-4))/(9/36)?
2, 3
Let k = 4 + 1. Let h(o) = -o**3 + 7*o**2 - 7*o + 7. Let g be h(k). Suppose -i = i - g. What are the prime factors of i?
11
List the prime factors of (6/5)/(-6) - 3132/(-10).
313
Let w be 121/(-22)*(-1 - 1). Suppose t = 